{"id":2567,"date":"2023-04-25T12:50:18","date_gmt":"2023-04-25T18:50:18","guid":{"rendered":"https:\/\/sistemaenkel.com.mx\/blog\/?page_id=2567"},"modified":"2023-05-18T11:07:17","modified_gmt":"2023-05-18T17:07:17","slug":"descarga-la-guia-para-el-manual-de-procedimientos-de-rh-gratis","status":"publish","type":"page","link":"https:\/\/sistemaenkel.com.mx\/blog\/descarga-la-guia-para-el-manual-de-procedimientos-de-rh-gratis\/","title":{"rendered":"Descarga la gu\u00eda para el manual de procedimientos de RH gratis"},"content":{"rendered":"\n<figure class=\"wp-block-image size-large\"><img decoding=\"async\" width=\"1024\" height=\"512\" data-src=\"https:\/\/sistemaenkel.com.mx\/blog\/wp-content\/uploads\/2023\/04\/reclutamiento-selecccion-personal-1024x512.jpg\" alt=\"Manual de procedimientos para empresas\" class=\"wp-image-2564 lazyload\" data-srcset=\"https:\/\/sistemaenkel.com.mx\/blog\/wp-content\/uploads\/2023\/04\/reclutamiento-selecccion-personal-1024x512.jpg 1024w, https:\/\/sistemaenkel.com.mx\/blog\/wp-content\/uploads\/2023\/04\/reclutamiento-selecccion-personal-300x150.jpg 300w, https:\/\/sistemaenkel.com.mx\/blog\/wp-content\/uploads\/2023\/04\/reclutamiento-selecccion-personal-768x384.jpg 768w, https:\/\/sistemaenkel.com.mx\/blog\/wp-content\/uploads\/2023\/04\/reclutamiento-selecccion-personal-1536x768.jpg 1536w, https:\/\/sistemaenkel.com.mx\/blog\/wp-content\/uploads\/2023\/04\/reclutamiento-selecccion-personal-2048x1024.jpg 2048w, https:\/\/sistemaenkel.com.mx\/blog\/wp-content\/uploads\/2023\/04\/reclutamiento-selecccion-personal-150x75.jpg 150w, https:\/\/sistemaenkel.com.mx\/blog\/wp-content\/uploads\/2023\/04\/reclutamiento-selecccion-personal-696x348.jpg 696w, https:\/\/sistemaenkel.com.mx\/blog\/wp-content\/uploads\/2023\/04\/reclutamiento-selecccion-personal-1068x534.jpg 1068w, https:\/\/sistemaenkel.com.mx\/blog\/wp-content\/uploads\/2023\/04\/reclutamiento-selecccion-personal-1920x960.jpg 1920w\" data-sizes=\"(max-width: 1024px) 100vw, 1024px\" src=\"data:image\/svg+xml;base64,PHN2ZyB3aWR0aD0iMSIgaGVpZ2h0PSIxIiB4bWxucz0iaHR0cDovL3d3dy53My5vcmcvMjAwMC9zdmciPjwvc3ZnPg==\" style=\"--smush-placeholder-width: 1024px; --smush-placeholder-aspect-ratio: 1024\/512;\" \/><\/figure>\n\n\n\n<h4 class=\"wp-block-heading\" id=\"h-ingresa-los-datos-y-obten-el-manual-de-reclutamiento-y-seleccion\">Ingresa los datos y obt\u00e9n el manual de reclutamiento y selecci\u00f3n<\/h4>\n\n\n<div class=\"wpforms-container wpforms-container-full wpforms-block wpforms-block-a237b441-1ee0-4ceb-a77a-02626a800f13 wpforms-render-modern\" id=\"wpforms-2559\"><form id=\"wpforms-form-2559\" class=\"wpforms-validate wpforms-form wpforms-ajax-form\" data-formid=\"2559\" method=\"post\" enctype=\"multipart\/form-data\" action=\"\/blog\/wp-json\/wp\/v2\/pages\/2567\" data-token=\"d1624ea786215ba0d525995409d57f31\" data-token-time=\"1778988217\"><noscript class=\"wpforms-error-noscript\">Por favor, activa JavaScript en tu navegador para completar este formulario.<\/noscript><div id=\"wpforms-error-noscript\" style=\"display: none;\">Por favor, activa JavaScript en tu navegador para completar este formulario.<\/div><div class=\"wpforms-field-container\"><div id=\"wpforms-2559-field_1-container\" class=\"wpforms-field wpforms-field-name\" data-field-id=\"1\"><label class=\"wpforms-field-label\" for=\"wpforms-2559-field_1\">Nombre: <span class=\"wpforms-required-label\" aria-hidden=\"true\">*<\/span><\/label><input type=\"text\" id=\"wpforms-2559-field_1\" class=\"wpforms-field-medium wpforms-field-required\" name=\"wpforms[fields][1]\" aria-errormessage=\"wpforms-2559-field_1-error\" required><\/div><div id=\"wpforms-2559-field_3-container\" class=\"wpforms-field wpforms-field-text\" data-field-id=\"3\"><label class=\"wpforms-field-label\" for=\"wpforms-2559-field_3\">N\u00famero Telef\u00f3nico: <span class=\"wpforms-required-label\" aria-hidden=\"true\">*<\/span><\/label><input type=\"text\" id=\"wpforms-2559-field_3\" class=\"wpforms-field-medium wpforms-field-required\" name=\"wpforms[fields][3]\" aria-errormessage=\"wpforms-2559-field_3-error\" required><\/div><div id=\"wpforms-2559-field_5-container\" class=\"wpforms-field wpforms-field-text\" data-field-id=\"5\"><label class=\"wpforms-field-label\" for=\"wpforms-2559-field_5\">Empresa <span class=\"wpforms-required-label\" aria-hidden=\"true\">*<\/span><\/label><input type=\"text\" id=\"wpforms-2559-field_5\" class=\"wpforms-field-medium wpforms-field-required\" name=\"wpforms[fields][5]\" aria-errormessage=\"wpforms-2559-field_5-error\" required><\/div><div id=\"wpforms-2559-field_7-container\" class=\"wpforms-field wpforms-field-text\" data-field-id=\"7\"><label class=\"wpforms-field-label\" for=\"wpforms-2559-field_7\">Estado <span class=\"wpforms-required-label\" aria-hidden=\"true\">*<\/span><\/label><input type=\"text\" id=\"wpforms-2559-field_7\" class=\"wpforms-field-medium wpforms-field-required\" name=\"wpforms[fields][7]\" aria-errormessage=\"wpforms-2559-field_7-error\" required><\/div><div id=\"wpforms-2559-field_6-container\" class=\"wpforms-field wpforms-field-text\" data-field-id=\"6\"><label class=\"wpforms-field-label\" for=\"wpforms-2559-field_6\">Ciudad <span class=\"wpforms-required-label\" aria-hidden=\"true\">*<\/span><\/label><input type=\"text\" id=\"wpforms-2559-field_6\" class=\"wpforms-field-medium wpforms-field-required\" name=\"wpforms[fields][6]\" aria-errormessage=\"wpforms-2559-field_6-error\" required><\/div><div id=\"wpforms-2559-field_2-container\" class=\"wpforms-field wpforms-field-email\" data-field-id=\"2\"><label class=\"wpforms-field-label\" for=\"wpforms-2559-field_2\">Correo Electr\u00f3nico: <span class=\"wpforms-required-label\" aria-hidden=\"true\">*<\/span><\/label><input type=\"email\" id=\"wpforms-2559-field_2\" class=\"wpforms-field-medium wpforms-field-required\" name=\"wpforms[fields][2]\" spellcheck=\"false\" aria-errormessage=\"wpforms-2559-field_2-error\" required><\/div><div id=\"wpforms-2559-field_4-container\" class=\"wpforms-field wpforms-field-gdpr-checkbox\" data-field-id=\"4\"><label class=\"wpforms-field-label wpforms-label-hide\" aria-hidden=\"false\">Acuerdo RGPD  <span class=\"wpforms-required-label\" aria-hidden=\"true\">*<\/span><\/label><ul id=\"wpforms-2559-field_4\" class=\"wpforms-field-required\"><li class=\"choice-1\"><input type=\"checkbox\" id=\"wpforms-2559-field_4_1\" name=\"wpforms[fields][4][]\" value=\"Doy mi consentimiento para que esta web almacene la informaci\u00f3n que env\u00edo para que puedan responder a mi petici\u00f3n. \" aria-errormessage=\"wpforms-2559-field_4_1-error\" required ><label class=\"wpforms-field-label-inline\" for=\"wpforms-2559-field_4_1\">Doy mi consentimiento para que esta web almacene la informaci\u00f3n que env\u00edo para que puedan responder a mi petici\u00f3n.  <span class=\"wpforms-required-label\" aria-hidden=\"true\">*<\/span><\/label><\/li><\/ul><\/div><\/div><!-- .wpforms-field-container --><div class=\"wpforms-submit-container\" ><input type=\"hidden\" name=\"wpforms[id]\" value=\"2559\"><input type=\"hidden\" name=\"page_title\" value=\"\"><input type=\"hidden\" name=\"page_url\" value=\"https:\/\/sistemaenkel.com.mx\/blog\/wp-json\/wp\/v2\/pages\/2567\"><input type=\"hidden\" name=\"url_referer\" value=\"\"><button type=\"submit\" name=\"wpforms[submit]\" id=\"wpforms-submit-2559\" class=\"wpforms-submit\" data-alt-text=\"Enviando...\" data-submit-text=\"Descargar Archivo\" aria-live=\"assertive\" value=\"wpforms-submit\">Descargar Archivo<\/button><img decoding=\"async\" data-src=\"https:\/\/sistemaenkel.com.mx\/blog\/wp-content\/plugins\/wpforms-lite\/assets\/images\/submit-spin.svg\" class=\"wpforms-submit-spinner lazyload\" style=\"--smush-placeholder-width: 26px; --smush-placeholder-aspect-ratio: 26\/26;display: none;\" width=\"26\" height=\"26\" alt=\"Cargando\" src=\"data:image\/svg+xml;base64,PHN2ZyB3aWR0aD0iMSIgaGVpZ2h0PSIxIiB4bWxucz0iaHR0cDovL3d3dy53My5vcmcvMjAwMC9zdmciPjwvc3ZnPg==\"><\/div><\/form><\/div>  <!-- .wpforms-container -->","protected":false},"excerpt":{"rendered":"<p>Ingresa los datos y obt\u00e9n el manual de reclutamiento y selecci\u00f3n<\/p>\n","protected":false},"author":1,"featured_media":0,"parent":0,"menu_order":0,"comment_status":"closed","ping_status":"closed","template":"","meta":{"om_disable_all_campaigns":false,"rop_custom_images_group":[],"rop_custom_messages_group":[],"rop_publish_now":"initial","rop_publish_now_accounts":[],"rop_publish_now_history":[],"rop_publish_now_status":"pending","_monsterinsights_skip_tracking":false,"_monsterinsights_sitenote_active":false,"_monsterinsights_sitenote_note":"","_monsterinsights_sitenote_category":0,"_uf_show_specific_survey":0,"_uf_disable_surveys":false,"footnotes":""},"class_list":["post-2567","page","type-page","status-publish"],"yoast_head":"<!-- This site is optimized with the Yoast SEO Premium plugin v23.0 (Yoast SEO v27.3) - https:\/\/yoast.com\/product\/yoast-seo-premium-wordpress\/ -->\n<title>Descarga la gu\u00eda para el manual de procedimientos de RH gratis - Sistema Enkel<\/title>\n<meta name=\"description\" content=\"Manual de procedimientos para pymes. Da clic aqu\u00ed y obt\u00e9n una gu\u00eda que te ayudar\u00e1 a crear un manual de reclutamiento de personal para tu PYME\" \/>\n<meta name=\"robots\" content=\"index, follow, max-snippet:-1, max-image-preview:large, max-video-preview:-1\" \/>\n<link rel=\"canonical\" href=\"https:\/\/sistemaenkel.com.mx\/blog\/descarga-la-guia-para-el-manual-de-procedimientos-de-rh-gratis\/\" \/>\n<meta property=\"og:locale\" content=\"es_MX\" \/>\n<meta property=\"og:type\" content=\"article\" \/>\n<meta property=\"og:title\" content=\"Descarga la gu\u00eda para el manual de procedimientos de RH gratis\" \/>\n<meta property=\"og:description\" content=\"Manual de procedimientos para pymes. Da clic aqu\u00ed y obt\u00e9n una gu\u00eda que te ayudar\u00e1 a crear un manual de reclutamiento de personal para tu PYME\" \/>\n<meta property=\"og:url\" content=\"https:\/\/sistemaenkel.com.mx\/blog\/descarga-la-guia-para-el-manual-de-procedimientos-de-rh-gratis\/\" \/>\n<meta property=\"og:site_name\" content=\"Sistema Enkel\" \/>\n<meta property=\"article:modified_time\" content=\"2023-05-18T17:07:17+00:00\" \/>\n<meta property=\"og:image\" content=\"https:\/\/sistemaenkel.com.mx\/blog\/wp-content\/uploads\/2023\/04\/reclutamiento-selecccion-personal-1024x512.jpg\" \/>\n<meta name=\"twitter:card\" content=\"summary_large_image\" \/>\n<meta name=\"twitter:label1\" content=\"Tiempo de lectura\" \/>\n\t<meta name=\"twitter:data1\" content=\"1 minuto\" \/>\n<script type=\"application\/ld+json\" class=\"yoast-schema-graph\">{\"@context\":\"https:\\\/\\\/schema.org\",\"@graph\":[{\"@type\":\"WebPage\",\"@id\":\"https:\\\/\\\/sistemaenkel.com.mx\\\/blog\\\/descarga-la-guia-para-el-manual-de-procedimientos-de-rh-gratis\\\/\",\"url\":\"https:\\\/\\\/sistemaenkel.com.mx\\\/blog\\\/descarga-la-guia-para-el-manual-de-procedimientos-de-rh-gratis\\\/\",\"name\":\"Descarga la gu\u00eda para el manual de procedimientos de RH gratis - Sistema Enkel\",\"isPartOf\":{\"@id\":\"https:\\\/\\\/sistemaenkel.com.mx\\\/blog\\\/#website\"},\"primaryImageOfPage\":{\"@id\":\"https:\\\/\\\/sistemaenkel.com.mx\\\/blog\\\/descarga-la-guia-para-el-manual-de-procedimientos-de-rh-gratis\\\/#primaryimage\"},\"image\":{\"@id\":\"https:\\\/\\\/sistemaenkel.com.mx\\\/blog\\\/descarga-la-guia-para-el-manual-de-procedimientos-de-rh-gratis\\\/#primaryimage\"},\"thumbnailUrl\":\"https:\\\/\\\/sistemaenkel.com.mx\\\/blog\\\/wp-content\\\/uploads\\\/2023\\\/04\\\/reclutamiento-selecccion-personal-1024x512.jpg\",\"datePublished\":\"2023-04-25T18:50:18+00:00\",\"dateModified\":\"2023-05-18T17:07:17+00:00\",\"description\":\"Manual de procedimientos para pymes. Da clic aqu\u00ed y obt\u00e9n una gu\u00eda que te ayudar\u00e1 a crear un manual de reclutamiento de personal para tu PYME\",\"breadcrumb\":{\"@id\":\"https:\\\/\\\/sistemaenkel.com.mx\\\/blog\\\/descarga-la-guia-para-el-manual-de-procedimientos-de-rh-gratis\\\/#breadcrumb\"},\"inLanguage\":\"es\",\"potentialAction\":[{\"@type\":\"ReadAction\",\"target\":[\"https:\\\/\\\/sistemaenkel.com.mx\\\/blog\\\/descarga-la-guia-para-el-manual-de-procedimientos-de-rh-gratis\\\/\"]}]},{\"@type\":\"ImageObject\",\"inLanguage\":\"es\",\"@id\":\"https:\\\/\\\/sistemaenkel.com.mx\\\/blog\\\/descarga-la-guia-para-el-manual-de-procedimientos-de-rh-gratis\\\/#primaryimage\",\"url\":\"https:\\\/\\\/sistemaenkel.com.mx\\\/blog\\\/wp-content\\\/uploads\\\/2023\\\/04\\\/reclutamiento-selecccion-personal-scaled.jpg\",\"contentUrl\":\"https:\\\/\\\/sistemaenkel.com.mx\\\/blog\\\/wp-content\\\/uploads\\\/2023\\\/04\\\/reclutamiento-selecccion-personal-scaled.jpg\",\"width\":2560,\"height\":1280},{\"@type\":\"BreadcrumbList\",\"@id\":\"https:\\\/\\\/sistemaenkel.com.mx\\\/blog\\\/descarga-la-guia-para-el-manual-de-procedimientos-de-rh-gratis\\\/#breadcrumb\",\"itemListElement\":[{\"@type\":\"ListItem\",\"position\":1,\"name\":\"Inicio\",\"item\":\"https:\\\/\\\/sistemaenkel.com.mx\\\/blog\\\/\"},{\"@type\":\"ListItem\",\"position\":2,\"name\":\"Descarga la gu\u00eda para el manual de procedimientos de RH gratis\"}]},{\"@type\":\"WebSite\",\"@id\":\"https:\\\/\\\/sistemaenkel.com.mx\\\/blog\\\/#website\",\"url\":\"https:\\\/\\\/sistemaenkel.com.mx\\\/blog\\\/\",\"name\":\"Sistema Enkel\",\"description\":\"Blog de Sistema Enkel sobre ERP, facturaci\u00f3n 4.0, inventarios, compras, recursos humanos, CRM, procesos, finanzas y cumplimiento STPS en M\u00e9xico.\",\"publisher\":{\"@id\":\"https:\\\/\\\/sistemaenkel.com.mx\\\/blog\\\/#organization\"},\"potentialAction\":[{\"@type\":\"SearchAction\",\"target\":{\"@type\":\"EntryPoint\",\"urlTemplate\":\"https:\\\/\\\/sistemaenkel.com.mx\\\/blog\\\/?s={search_term_string}\"},\"query-input\":{\"@type\":\"PropertyValueSpecification\",\"valueRequired\":true,\"valueName\":\"search_term_string\"}}],\"inLanguage\":\"es\"},{\"@type\":\"Organization\",\"@id\":\"https:\\\/\\\/sistemaenkel.com.mx\\\/blog\\\/#organization\",\"name\":\"Sistema Enkel\",\"url\":\"https:\\\/\\\/sistemaenkel.com.mx\\\/blog\\\/\",\"logo\":{\"@type\":\"ImageObject\",\"inLanguage\":\"es\",\"@id\":\"https:\\\/\\\/sistemaenkel.com.mx\\\/blog\\\/#\\\/schema\\\/logo\\\/image\\\/\",\"url\":\"https:\\\/\\\/sistemaenkel.com.mx\\\/blog\\\/wp-content\\\/uploads\\\/2022\\\/10\\\/Sistema_enkel_512x512.png\",\"contentUrl\":\"https:\\\/\\\/sistemaenkel.com.mx\\\/blog\\\/wp-content\\\/uploads\\\/2022\\\/10\\\/Sistema_enkel_512x512.png\",\"width\":512,\"height\":512,\"caption\":\"Sistema Enkel\"},\"image\":{\"@id\":\"https:\\\/\\\/sistemaenkel.com.mx\\\/blog\\\/#\\\/schema\\\/logo\\\/image\\\/\"}}]}<\/script>\n<!-- \/ Yoast SEO Premium plugin. -->","yoast_head_json":{"title":"Descarga la gu\u00eda para el manual de procedimientos de RH gratis - Sistema Enkel","description":"Manual de procedimientos para pymes. Da clic aqu\u00ed y obt\u00e9n una gu\u00eda que te ayudar\u00e1 a crear un manual de reclutamiento de personal para tu PYME","robots":{"index":"index","follow":"follow","max-snippet":"max-snippet:-1","max-image-preview":"max-image-preview:large","max-video-preview":"max-video-preview:-1"},"canonical":"https:\/\/sistemaenkel.com.mx\/blog\/descarga-la-guia-para-el-manual-de-procedimientos-de-rh-gratis\/","og_locale":"es_MX","og_type":"article","og_title":"Descarga la gu\u00eda para el manual de procedimientos de RH gratis","og_description":"Manual de procedimientos para pymes. Da clic aqu\u00ed y obt\u00e9n una gu\u00eda que te ayudar\u00e1 a crear un manual de reclutamiento de personal para tu PYME","og_url":"https:\/\/sistemaenkel.com.mx\/blog\/descarga-la-guia-para-el-manual-de-procedimientos-de-rh-gratis\/","og_site_name":"Sistema Enkel","article_modified_time":"2023-05-18T17:07:17+00:00","og_image":[{"url":"https:\/\/sistemaenkel.com.mx\/blog\/wp-content\/uploads\/2023\/04\/reclutamiento-selecccion-personal-1024x512.jpg","type":"","width":"","height":""}],"twitter_card":"summary_large_image","twitter_misc":{"Tiempo de lectura":"1 minuto"},"schema":{"@context":"https:\/\/schema.org","@graph":[{"@type":"WebPage","@id":"https:\/\/sistemaenkel.com.mx\/blog\/descarga-la-guia-para-el-manual-de-procedimientos-de-rh-gratis\/","url":"https:\/\/sistemaenkel.com.mx\/blog\/descarga-la-guia-para-el-manual-de-procedimientos-de-rh-gratis\/","name":"Descarga la gu\u00eda para el manual de procedimientos de RH gratis - Sistema Enkel","isPartOf":{"@id":"https:\/\/sistemaenkel.com.mx\/blog\/#website"},"primaryImageOfPage":{"@id":"https:\/\/sistemaenkel.com.mx\/blog\/descarga-la-guia-para-el-manual-de-procedimientos-de-rh-gratis\/#primaryimage"},"image":{"@id":"https:\/\/sistemaenkel.com.mx\/blog\/descarga-la-guia-para-el-manual-de-procedimientos-de-rh-gratis\/#primaryimage"},"thumbnailUrl":"https:\/\/sistemaenkel.com.mx\/blog\/wp-content\/uploads\/2023\/04\/reclutamiento-selecccion-personal-1024x512.jpg","datePublished":"2023-04-25T18:50:18+00:00","dateModified":"2023-05-18T17:07:17+00:00","description":"Manual de procedimientos para pymes. Da clic aqu\u00ed y obt\u00e9n una gu\u00eda que te ayudar\u00e1 a crear un manual de reclutamiento de personal para tu PYME","breadcrumb":{"@id":"https:\/\/sistemaenkel.com.mx\/blog\/descarga-la-guia-para-el-manual-de-procedimientos-de-rh-gratis\/#breadcrumb"},"inLanguage":"es","potentialAction":[{"@type":"ReadAction","target":["https:\/\/sistemaenkel.com.mx\/blog\/descarga-la-guia-para-el-manual-de-procedimientos-de-rh-gratis\/"]}]},{"@type":"ImageObject","inLanguage":"es","@id":"https:\/\/sistemaenkel.com.mx\/blog\/descarga-la-guia-para-el-manual-de-procedimientos-de-rh-gratis\/#primaryimage","url":"https:\/\/sistemaenkel.com.mx\/blog\/wp-content\/uploads\/2023\/04\/reclutamiento-selecccion-personal-scaled.jpg","contentUrl":"https:\/\/sistemaenkel.com.mx\/blog\/wp-content\/uploads\/2023\/04\/reclutamiento-selecccion-personal-scaled.jpg","width":2560,"height":1280},{"@type":"BreadcrumbList","@id":"https:\/\/sistemaenkel.com.mx\/blog\/descarga-la-guia-para-el-manual-de-procedimientos-de-rh-gratis\/#breadcrumb","itemListElement":[{"@type":"ListItem","position":1,"name":"Inicio","item":"https:\/\/sistemaenkel.com.mx\/blog\/"},{"@type":"ListItem","position":2,"name":"Descarga la gu\u00eda para el manual de procedimientos de RH gratis"}]},{"@type":"WebSite","@id":"https:\/\/sistemaenkel.com.mx\/blog\/#website","url":"https:\/\/sistemaenkel.com.mx\/blog\/","name":"Sistema Enkel","description":"Blog de Sistema Enkel sobre ERP, facturaci\u00f3n 4.0, inventarios, compras, recursos humanos, CRM, procesos, finanzas y cumplimiento STPS en M\u00e9xico.","publisher":{"@id":"https:\/\/sistemaenkel.com.mx\/blog\/#organization"},"potentialAction":[{"@type":"SearchAction","target":{"@type":"EntryPoint","urlTemplate":"https:\/\/sistemaenkel.com.mx\/blog\/?s={search_term_string}"},"query-input":{"@type":"PropertyValueSpecification","valueRequired":true,"valueName":"search_term_string"}}],"inLanguage":"es"},{"@type":"Organization","@id":"https:\/\/sistemaenkel.com.mx\/blog\/#organization","name":"Sistema Enkel","url":"https:\/\/sistemaenkel.com.mx\/blog\/","logo":{"@type":"ImageObject","inLanguage":"es","@id":"https:\/\/sistemaenkel.com.mx\/blog\/#\/schema\/logo\/image\/","url":"https:\/\/sistemaenkel.com.mx\/blog\/wp-content\/uploads\/2022\/10\/Sistema_enkel_512x512.png","contentUrl":"https:\/\/sistemaenkel.com.mx\/blog\/wp-content\/uploads\/2022\/10\/Sistema_enkel_512x512.png","width":512,"height":512,"caption":"Sistema Enkel"},"image":{"@id":"https:\/\/sistemaenkel.com.mx\/blog\/#\/schema\/logo\/image\/"}}]}},"_links":{"self":[{"href":"https:\/\/sistemaenkel.com.mx\/blog\/wp-json\/wp\/v2\/pages\/2567","targetHints":{"allow":["GET"]}}],"collection":[{"href":"https:\/\/sistemaenkel.com.mx\/blog\/wp-json\/wp\/v2\/pages"}],"about":[{"href":"https:\/\/sistemaenkel.com.mx\/blog\/wp-json\/wp\/v2\/types\/page"}],"author":[{"embeddable":true,"href":"https:\/\/sistemaenkel.com.mx\/blog\/wp-json\/wp\/v2\/users\/1"}],"replies":[{"embeddable":true,"href":"https:\/\/sistemaenkel.com.mx\/blog\/wp-json\/wp\/v2\/comments?post=2567"}],"version-history":[{"count":11,"href":"https:\/\/sistemaenkel.com.mx\/blog\/wp-json\/wp\/v2\/pages\/2567\/revisions"}],"predecessor-version":[{"id":4376,"href":"https:\/\/sistemaenkel.com.mx\/blog\/wp-json\/wp\/v2\/pages\/2567\/revisions\/4376"}],"wp:attachment":[{"href":"https:\/\/sistemaenkel.com.mx\/blog\/wp-json\/wp\/v2\/media?parent=2567"}],"curies":[{"name":"wp","href":"https:\/\/api.w.org\/{rel}","templated":true}]}}